 -3) + 3
3
-2 + 3 - (2 + -7 - -1)
5
1 + 3 + 39 + -37
6
Evaluate (-6 - (-2 - 6)) + -5.
-3
What is the value of (158 - 163) + (-5 - -2 - -1)?
-7
Evaluate (1 - 3) + 4 - (6 + 1).
-5
What is the value of -1 + -9 - -11 - (-1 - 0)?
2
Evaluate (-4 - -9) + 0 + 1.
6
-1 - (6 + -3 + -6)
2
Calculate 9 + -2 + -1 + -3.
3
What is (-7 + 1 + 4 - -6) + -8?
-4
5 + -3 + -2 + 5
5
What is 4 + (-3 - ((3 - 5) + 0))?
3
What is -4 + 0 + 1 + 4?
1
Evaluate (1 - (-3 - -2)) + -11 - -5.
-4
Evaluate -2 - (-2 - 3) - (100 + -103).
6
What is -8 + -3 - -6 - -10?
5
What is the value of -4 - (2 - 3) - (10 + -10)?
-3
Evaluate -9 + -11 - -9 - -7.
-4
What is (-92 - -80) + 18 + 0?
6
Evaluate (-1 + -9 - (-22 - -22)) + 4.
-6
What is the value of (11 - 10) + -3 + 7?
5
Calculate -1 + 2 + 0 + -6.
-5
Calculate 3 - 4 - (-4 + 5).
-2
Evaluate -6 - -12 - (15 - 4).
-5
20 + -22 + 12 - 12
-2
2 + -5 + (-4 - -9)
2
Evaluate 3 - (-4 + -8 + 15 + 2).
-2
Evaluate (2 - 6) + 3 + -4.
-5
Evaluate -1 + 3 + -5 - (-5 - -1).
1
Calculate 20 + -17 - (3 + -2 + 3).
-1
Calculate -3 + (-4 - -9) - (-3 - -1).
4
What is 1 + 5 + 0 + -7?
-1
What is the value of -5 + 3 + -4 + 13 + -7?
0
Evaluate (7 - 5 - -1) + 0.
3
What is the value of 1 + -4 + 0 + -1 + 6?
2
What is the value of (24 - 16) + -4 + 1?
5
What is (3 - (-3 + 0)) + (-1 - 1)?
4
6 + -5 + (-3 - -1) - -5
4
-1 - 0 - (2 + -7)
4
-57 - -54 - (-1 - -2)
-4
What is the value of -1 + (-1 - 0) - (11 + -9)?
-4
What is the value of 3 + -3 + 4 + 0?
4
(1 + -1 - 6) + -4
-10
What is the value of (-13 - -9) + 3 + 1?
0
0 + 8 + -15 + 4 + -3
-6
What is -1 + 3 + 2 + -6 + 1?
-1
1 + (4 - 2) - (65 - 62)
0
What is -6 + 1 + 8 - (7 - 0)?
-4
3 - (5 - 4) - 3
-1
Calculate 18 + -25 + (2 - -1 - 0).
-4
Calculate -51 + 45 + 1 + 8.
3
What is 50 + -46 + (-6 - 0) + 1?
-1
What is the value of 3 + (-5 - -10 - 3)?
5
What is the value of -7 + 4 + 2 + -4?
-5
What is the value of 13 + (12 - 27) - 7?
-9
Calculate -1 + -2 + -1 - (4 + -9).
1
What is the value of -4 - (-9 - -4 - -1)?
0
(7 - 7 - -1) + 6
7
Calculate -5 + (3 - 4 - -3).
-3
-2 - (-3 + (3 - (3 - 0)))
1
Calculate 0 + 3 + 5 + 0.
8
-7 + -1 + (-5 - -11)
-2
Calculate (3 - 2 - 2) + (2 - 2).
-1
What is the value of 6 + -5 + 5 - 1?
5
3 - (4 + -4 + 5)
-2
7 + -10 + (-4 - -8)
1
What is -28 + 18 - (-2 + -14)?
6
What is -16 + 5 + 1 + 7?
-3
What is the value of 7 - (5 - ((8 - 7) + 1))?
4
What is -50 + 63 + -1 + -7?
5
Evaluate 2 + 6 - (-11 - -18).
1
-20 + 22 + 4 + -2
4
What is the value of (-12 - -10) + -11 - -12?
-1
What is -3 + 4 + -3 + 2 - 1?
-1
(2 - -1) + 2 - (0 + 1)
4
What is the value of 29 - 32 - (-1 + -6) - 7?
-3
What is (21 - 13) + (1 - 17)?
-8
What is -3 + 4 + (7 - 10)?
-2
What is the value of 2 - (-2 + -1) - 13 - -4?
-4
Evaluate -12 - (-6 - 0) - -5.
-1
Evaluate 3 + (-1 - (1 + -2)) + -7.
-4
What is -11 + (5 - -2) - -8?
4
1 + (0 - 1) - (-1 - 1)
2
Evaluate -3 + -3 + 13 - 2.
5
What is -2 + 1 + -3 + 0?
-4
What is the value of -6 + -2 + 4 + -41 + 39?
-6
Calculate 1 - 5 - (0 + -4).
0
Calculate (6 - (1 + -3 - -14)) + -2.
-8
Evaluate (-4 + 1 - -2) + (91 - 94).
-4
What is the value of -13 + -8 + 1 + 18?
-2
Calculate 3 - (-2 + 0 - (1 - 2)).
4
0 - (-7 + 10 + -9)
6
Evaluate 7 - (5 + (5 - 8)).
5
Calculate (8 - 3) + -11 + 6.
0
(-5 - -2) + -9 + 6
-6
What is (6 - (-4 - -8)) + -6?
-4
Evaluate -4 + 14 + -21 + 2 + 1.
-8
Evaluate 7 + (-1 - (2 + -3)) - 3.
4
1 + 0 - (13 + -11)
-1
-2 + 1 + -5 + (1 - -1)
-4
What is the value of 4 - (-6 + -1 - -14)?
-3
Evaluate 2 - (-64 + 59 - (-5 - 0)).
2
What is -21 - -18 - (-2 + 2)?
-3
Calculate -1 + 1 + -7 - -9.
2
What is -2 + 3 - ((0 - 2) + 8)?
-5
What is the value of -1 + (2 - -2) - (-1 - -5)?
-1
-27 + 18 - (-5 + 0)
-4
Evaluate 3 - 2 - (-4 + 5).
0
4 + -2 - (-2 - -10)
-6
-2 - (3 + -7 - 3)
5
Evaluate (-5 - (-5 + -1)) + -7 + 2.
-4
Calculate (1 + 1 - 5) + 3.
0
(-1 - -7 - (67 + -56)) + 1
-4
Calculate -9 - (2 - 14 - 3).
6
What is (2 - 4) + -1 + -1?
-4
Calculate (-3 - -2) + -2 - (2 - 4).
-1
Evaluate -5 + 12 + -12 + 6.
1
Calculate 2 + -1 + (4 - 5) + 2.
2
What is the value of 2 + -1 + 2 - 1?
2
What is -1 + (-3 + 8 - 10)?
-6
Evaluate 13 - (7 + 2 + -1).
5
What is -10 + 2 + (18 - 3)?
7
What is the value of 69 - 64 - (-1 + 3 + -2)?
5
Calculate 5 + (-18 - -9) - (0 + -3).
-1
Evaluate (-25 - -19) + (0 - -4).
-2
What is the value of (4 - 11 - -4) + 4?
1
What is the value of 4 + ((0 - -3) + 0 - 12)?
-5
Calculate 2 - (1 + -3 - 1 - -3).
2
Evaluate (-4 + -2 - -7) + 7.
8
What is the value of 0 - ((0 - 11) + (-7 - -8))?
10
What is the value of 8 + (-5 - 6) + 2?
-1
What is the value of -12 + 17 + -7 + 3?
1
-1 - (5 + -7 + 5 + -1)
-3
Calculate 9 + -4 + -1 - (0 - -7).
-3
What is 2 - -6 - (49 - 47)?
6
What is 101 + -104 + -2 + 8 + -2?
1
What is the value of -18 + 18 + 1 + 0?
1
What is the value of -2 + 8 + 2 + (-2 - 2)?
4
5 + 0 + -9 - (-1 - 0)
-3
What is 9 + (-16 - (-9 + 0))?
2
What is the value of -1 + 1 - 0 - 4?
-4
Evaluate (-1 + 1 + 3 - -3) + -5.
1
(-1 + 1 - -3 - 2) + 1
2
What is 0 + 5 + 0 + -9 + 4?
0
1 - -9 - (-9 + 11) - 3
5
What is -1 + -3 + 7 + 2?
5
-2 + (4 - 0) - (1 - -2)
-1
Evaluate (2 - (2 + -1)) + -10 + 5.
-4
What is 9 + -21 + 6 - -2?
-4
What is the value of 4 + (-2 - 1) + 2?
3
1 + 0 - (7 - 10)
4
What is the value of (-2 + -1 - -8) + -3?
2
Evaluate -2 - (0 + 7 + -3 + -4).
-2
What is 351 + -339 - (1 - (0 + -4))?
7
What is -1 - 2 - -3 - (-2 - -4)?
-2
Evaluate (-9 - (3 - (2 + 7))) + 10.
7
What is the value of 3 - (-2 + 9 - 3) - 1?
-2
-6 + (-1 - (-14 - -6)) + -2
-1
What is -3 + 6 + 3 + (0 - 3)?
3
Calculate -4 - ((-3 - -15) + -25).
9
What is the value of 4 + -2 - (-1 + 0 + 0)?
3
What is 4 + (-5 - -6) + -4 + 0?
1
What is the value of 0 + 5 + 6 + -16?
-5
(0 - -2) + 3 + -4 + -1
0
Calculate 4 + (1 - 3) + -1.
1
What is -13 + (15 - (6 - -7))?
-11
(-4 - 1) + (4 + -13 - -20)
6
What is the value of -3 - (-24 + 5 + 14)?
2
What is (-4 - -8) + 1 + -1?
4
Calculate 170 + -165 - (1 + 10).
-6
What is the value of 3 + (2 - -8) - 7?
6
4 - 7 - (-7 - -3)
1
Calculate (0 - 6) + 7 + -5 + 9.
5
Evaluate 0 + (-5 - -2) + 0.
-3
What is the value of 10 - ((23 - 5) + -6)?
-2
11 + (-6 - 4) + 6
7
Evaluate 17 - 23 - (0 + -2).
-4
Evaluate 11 + (6 - 15) + (2 - -2).
6
What is -12 + -1 - (-25 - -18)?
-6
Calculate 5 - (-4 + 0 + 8 + 0).
1
What is the value of -1 - (-4 + 12 + -4)?
-5
Evaluate -20 - (-8 + -2) - -3.
-7
-2 - (5 - 0 - 2 - 6)
1
Evaluate -1 + (-4 - -6) + 5.
6
What is (-4 - -7 - 11) + 3?
-5
What is 9 + -5 + -1 + 0 + 1?
4
3 + -1 + 0 + -88 + 83
-3
What is the value of 8 + -13 + (-1 - -2 - -1)?
-3
What is the value of 6 + -8 + -4 + 1 + 10?
5
(10 - 15 - -7) + -2 + 1
1
Evaluate -69 + 71 - (1 + (-1 - 1)).
3
Evaluate -7 + 1 - (-5 + 6 - -2).
-9
10 - (1 + 2 - (7 + -9))
5
What is the value of 0 + -2 + -1 + -1?
-4
-6 - (9 - (7 - -10))
2
What is the value of 6 - (8 + -2) - (-3 - 2)?
5
-4 - -7 - -5 - (-1 + -1)
10
Evaluate (-2 - -24 - (14 + -7)) + -7.
8
Calculate 19 - 24 - (0 + 1).
-6
Calculate -4 - -2 - (3 + -6).
1
Evaluate 1 + 3 - (-5 - -4).
5
What is (-11 - -2) + 5 - 3?
-7
What is (3 - (6 - (13 + -6))) + -1?
3
Evaluate 4 + ((1 - 1) + -2 - -1).
3
Evaluate -10 - (-7 + (-2 - 7)).
6
Calculate (-13 - -11) + -2 + -1.
-5
Evaluate 3 + -1 + -3 - (-11 - -9).
1
Evaluate -6 - ((10 - 8) + -8).
0
(-2 - (-3 - 5) - 3) + 2
5
Calculate -3 + 1 + 17 + -13.
2
What is the value of -2 - (3 + -4) - (3 + -2)?
-2
Evaluate 0 - (6 + -3 - (2 + 1)).
0
Evaluate 10 + -3 + (7 - 13 - -4).
5
What is (-9 - -1) + 13 + -8?
-3
Calculate 1 + (-1 - (-3 + 5)).
-2
-6 + 13 + -7 + 2 - 11
-9
Evaluate -4 - (-8 + 3 - (-12 - -4)).
-7
-3 - (-3 + 6 - 7)
1
Evaluate -11 - (-7 + 5 + -3) - -4.
-2
Calculate 3 + 0 + 6 + -7 + -4.
-2
Calculate -3 + (-8 - -1) + 28 + -15.
3
Evaluate 3 - (2 + -6 - -3) - -2.
6
2 - (-3 - (-8 + 6 - -2))
5
Calculate 2 - (-5 + 3 + 4).
0
What is 9 + (7 - 11) - -6?
11
Calculate 2 + (2 - 2 - (-2 - 1)).
5
Calculate 4 - 0 - (-1 + 7 + -6).
4
-2 + (0 - 2) + 6 + 0
2
What is (1 + 5 - 12) + 8 + -1?
1
Calculate 3 + -5 + -1 + 3.
0
What is the value of -1 - 10 - (80 + -83)?
-8
-2 - -1 - -8 - (542 - 536)
1
Calculate (0 - 1) + -57 + 57.
-1
Calculate -10 + 1 - (5 - 9).
-5
Evaluate (-10 - -3) + 3 + 1.
-3
-5 + (1 - (-2 + -5))
3
What is -1 + 0 - ((-11 - -20) + -8)?
-2
Calculate (-3 - (2 - (8 + -5))) + 7.
5
What is the value of -2 + 3 + (21 - 23) - 2?
-3
(-1 - 2) + (-5 - (4 - 9))
-3
Calculate -7 - -4 - -4 - -7.
8
What is the value of 3 + -6 + 7 - 3?
1
W